4047039. Is l a composite number?
False
Is (195542/(-8))/(29/(-116)) composite?
False
Let y(z) = 2*z - 10. Let b be y(8). Suppose -2*l - 4968 = -2*j, b = -l + 5. Is j a composite number?
True
Suppose 327*q - 1445676 = 315*q. Is q composite?
False
Suppose -2*p + 0*d = -d + 1, 2*p + d - 1 = 0. Suppose p = 4*m - 3*m + 5*h - 2686, 4*m + 2*h - 10690 = 0. Is m a prime number?
True
Let l(x) = 58*x - 141. Let v(f) = 23*f - 7. Let h be v(1). Is l(h) prime?
True
Suppose 0 = 3*g + 5*q + 25, -2*g - 5*q = 25. Suppose 5*l - 9*l - 16 = g, 7307 = j + l. Is j prime?
False
Let p = 0 + 1. Suppose 3*r + 4 = 4*o + p, -5*r + 15 = 0. Suppose -4*c = 3*y + y - 1944, -o*c + 967 = 2*y. Is y composite?
False
Suppose -2*l - 12077 = k, k - 3*l - 1336 + 13398 = 0. Let y = -5614 - k. Is y prime?
False
Let f be 3 + -1 - 8/((-48)/199134). Suppose -f = -301*p + 300*p. Is p composite?
False
Let l be (3 - (-1 - 3)) + -2. Let x(z) = -6*z + 32. Let s be x(l). Suppose 0 = s*r - 233 - 21. Is r a prime number?
True
Let z(x) = 11*x**2 + 75*x + 34. Let j be z(29). Suppose -5737 = -y + 4*g, -2*g - j = -2*y - g. Is y prime?
False
Let q be 4/(-3)*(-60)/(-40)*-9. Suppose 0 = -22*f + q*f + 5044. Is f prime?
False
Let g(u) = -u. Let c(v) = -20*v - 13. Let r(p) = -c(p) - 2*g(p). Let k = 503 + -494. Is r(k) composite?
False
Suppose -7*g - 3*g = g. Suppose -j - 4103 = 3*h - 5*h, -4*h - 2*j + 8218 = g. Is h prime?
True
Let c = -746 - -1529. Suppose -4*z + 353 = -c. Suppose -2*d + z + 978 = 0. Is d composite?
False
Let s(p) = -62*p + 9. Let b be s(14). Let u = 370 - b. Suppose -4*n - 1644 = -4*w, -3*w + 3*n = -2*n - u. Is w prime?
False
Let y(n) = -n**2 - 12*n + 16. Let i be y(-13). Suppose k - 4 = 0, 17290 = i*s - k + 4079. Is s a composite number?
True
Suppose 0 = 6*c - 11*c. Let j be ((-65)/(-70) - (-9)/(-21))*c. Is j - 2/10 - (-6060)/50 composite?
True
Let h be (-3)/(-2 + -1) + 129/3. Is 31556/h + 2 + (-2)/11 composite?
False
Suppose 0 = -r + 35 - 33. Suppose -3*f = -6*f + 3*u + 6288, -3*u = r*f - 4217. Is f a prime number?
False
Let t(r) = -10264*r + 3333. Is t(-4) prime?
True
Suppose -8*k - 1839 = -58087. Let l = k - 4170. Is l a prime number?
True
Let n(z) = 2353*z - 11303. Is n(70) composite?
False
Let x(n) = -4*n**2 - 38*n - 13. Let u be x(-9). Suppose -u*d = -p - 6, 3*p - 20 = -4*d - 0*p. Is 45/(-12)*d/(-5)*358 a composite number?
True
Suppose 5*i + 3*j - 266152 = 0, 123*i - 106463 = 121*i + j. Is i composite?
False
Suppose -14 = -7*x - 14. Suppose x = 2*l - 10027 - 7503. Is l composite?
True
Suppose 63*x + 208459 = 64*x + 5*q, 3*q = 27. Is x a composite number?
True
Let g = -61657 + 114266. Is g a prime number?
True
Suppose 39*m - 48*m = -48249. Let i = 5456 + m. Is i a composite number?
True
Let n = -1022 - -503. Let g = -118 - n. Is g prime?
True
Let u(q) = -22*q - 6. Let v be u(-5). Let n = -292 + 306. Suppose 2*x - n = v. Is x a prime number?
True
Let u(t) = -128*t**3 - 2*t**2 - 6*t - 9. Let c be u(-3). Let d = c + 52. Is d a composite number?
False
Let c = 770220 + -240413. Is c a composite number?
False
Suppose -5*r - 24463 - 30729 = -2*p, -2*p - 2*r = -55234. Is p a composite number?
False
Let a be ((-3235941)/(-21) + 24/(-56))/2. Suppose 89*r = 95*r - a. Is r a prime number?
True
Let i = 101398 + -50417. Is i a composite number?
True
Let w = 2779 + -960. Let r = w + 1098. Is r prime?
True
Let n be (-2)/10 - 121/(-55). Suppose 8*y + 3722 = n*p + 6*y, -y = p - 1861. Is p composite?
False
Let s be (-2)/20 - (830137/(-70) + 8). Suppose -s = -705*l + 698*l. Is l prime?
True
Let u be 16*3/((-6)/157). Let y(m) = 514*m - 665. Let r be y(6). Let n = r + u. Is n prime?
True
Let r(i) = -15*i - 18. Let p be r(-18). Let n = -50 + p. Is n composite?
True
Suppose 0 = u + 11*u - 48. Suppose u*l - 855 = -5*v, -4*l = -4*v + 82 - 946. Is l a composite number?
True
Suppose -2*k - 2 = 2*i, -31 = 5*k + 2*i - 17. Is 18/(-63) - (k + 618108/(-28)) prime?
True
Suppose 3*d - v = -d - 41, 0 = 2*d - 4*v + 38. Let k be d/(-63) - (-34)/7. Suppose -1315 = -5*p - 5*c, 0*p - c = k*p - 1331. Is p prime?
False
Suppose 0 = 648*q - 694*q + 8873538. Is q a composite number?
True
Let t(s) = -2366*s**3 + 2*s**2 + 6*s + 3. Let x(i) = -2371*i**3 + 3*i**2 + 6*i + 3. Let r(d) = -4*t(d) + 3*x(d). Is r(2) composite?
False
Suppose 58*q - 42*q - 1919083 = 2411781. Is q a prime number?
True
Let t(l) = 2*l**2 + 22*l - 49. Let p be t(-13). Suppose -31884 = -p*w + 8043. Is w a composite number?
False
Let x(b) = -2827*b**2 + 18*b + 25. Let r be x(18). Is r/(-215) + ((-3)/5 - -1) a composite number?
False
Is (-3)/2*1138962/(-99) prime?
True
Let d(c) be the second derivative of -3*c**4/2 - 2*c**3/3 + 7*c**2 + c. Let g be d(-5). Let m = g - -593. Is m a composite number?
True
Let k(u) = -u**3 - 6*u**2 + 7. Let x be k(-6). Is 2*247 + x + -12 a prime number?
False
Suppose -560 = 481*r - 486*r. Suppose 0 = -94*v + r*v - 316746. Is v a composite number?
False
Let h = -15760 - -102321. Is h a composite number?
False
Let r(x) = -316*x + 3. Let w(v) = 2*v**3 + 4*v**2 + 6*v. Let y be w(-2). Let o = -14 - y. Is r(o) prime?
False
Let z(s) = 3*s + 5 + 12*s**2 - s + 46*s**2. Suppose 201*r - 3*r = -221*r - 1257. Is z(r) a prime number?
True
Is (6876/6 - 15) + -14 a prime number?
True
Let v(k) = -k**3 + 14*k**2 + 18*k - 57. Let p be v(11). Let l = p + 995. Is l a composite number?
False
Let q = -1 - -4. Suppose q*z = 240 - 78. Suppose 6*h - z - 24 = 0. Is h a composite number?
False
Let o = 6638 - -8285. Is o prime?
True
Let z(q) = -8*q + 93. Let v be z(11). Suppose v*g = 2592 + 1793. Is g a composite number?
False
Suppose 12*a = 2*a. Suppose -4*i - 6 = 2*k - k, a = k + i. Suppose 1136 = k*q + 66. Is q a composite number?
True
Let m(q) = -38*q - 6. Let b be m(-3). Suppose -2*i + 1666 - 368 = 0. Let p = i - b. Is p prime?
True
Suppose 0*g - 4*v + 154 = 2*g, 0 = 3*g - v - 203. Let l = g - 53. Suppose -l = -5*o + 5*z + 69, -20 = -2*o - 5*z. Is o a prime number?
False
Let s = 3499 - -1118. Let r = s + 13712. Is r a composite number?
False
Let o(g) = 5694*g**2 - 52*g + 287. Is o(4) a composite number?
False
Is (50 - 45)*(1403248/20 + -6) prime?
False
Suppose -33100 = -2971*v + 2951*v. Is v prime?
False
Suppose -2*o + 4*j - 2 - 18 = 0, 3*j = 5*o + 36. Let n be (-4)/o - 10/(-3). Suppose n*a = -2*q + 16, -5*q + 3 = 4*a - 1. Is a prime?
False
Let y = 12160 + -18917. Let g = -4598 - y. Is g prime?
False
Suppose 1501 = 3*f + c - 995, f - 827 = -2*c. Let t = f + -366. Is t a prime number?
True
Is 7202910/621 - 5/(-45) prime?
False
Let i be (7062/(-12) - 7)/((-3)/8). Let m(p) = p**2 - 13*p - 28. Let g be m(15). Suppose -g*f + i = 4*h + 582, 4*h = 0. Is f prime?
True
Suppose -2*a - 138416 = -6*a. Is (a/(-68) - (-2)/(-17))*-1 a composite number?
False
Suppose 5*w - 211839 = d - 5*d, 4*w = d - 52965. Is d composite?
True
Let p = -965 - -985. Suppose -p*d + 87624 = 16*d. Is d a composite number?
True
Let b = 8 + -7. Let q(w) be the second derivative of 1213*w**5/10 - w**3/6 + w**2/2 + 153*w. Is q(b) a prime number?
False
Is ((-892082)/(-4))/(-12*12/(-288)) a composite number?
False
Let x = 158 - 155. Suppose 5*r + 0*g = -g + 21839, 13109 = x*r + 2*g. Is r prime?
False
Let j = -262983 + 559082. Is j prime?
True
Let y be ((-50)/75)/((-4)/18). Suppose y*k + 4*b - 1218 = 2219, 5*b + 4624 = 4*k. Is k a prime number?
True
Let x(w) be the third derivative of w**5/20 + w**4/2 - 23*w**3/6 - 5*w**2 + 1. Suppose -2*y = -0*y + 20. Is x(y) a prime number?
True
Let z be (-22)/(-66)*(0 + 0). Suppose -7*t + t + 9942 = z. Is t a composite number?
False
Is (-8)/48*(-1 - -1277135)*(-3 + 0) prime?
True
Let w(l) = -11*l**3 - l**2 + l + 1. Let k be w(-1). Is ((-1778)/4)/(3 + (-35)/k) a composite number?
True
Suppose -4*z = -25 + 5. Suppose 2 = j - z*p - 10, 0 = -4*j + 4*p + 96. Suppose -k = -j - 20. Is k a prime number?
True
Let f(z) = 4*z**3 - 5*z**2 - 8*z + 2. Let n be f(15). Suppose -5*g = 3*x - 12253, -5*g - 8*x = -6*x - n. Is g a composite number?
True
Let a = 21985 - 10658. Is a prime?
False
Let w(l) = -182578*l**3 - 10*l**2 - 11*l - 2. Is w(-1) a composite number?
True
Let l(t) = -8*t + 38*t**2 + 135*t**2 + 0*t - 5 + 105*t**2 + 0. Is l(4) a composite number?
True
Let c = 21748 + -15111. Is c prime?
True
Suppose -4*w - m + 71 = 0, 2*w + 4*m = 8 + 10. Let l(u) = u**2 - 20*u + 